 -32 + q. Suppose -9*k = -o*k + 354. List the prime factors of k.
2, 59
Let j = 1653 + 1951. Suppose -2*p + 8*v - 12*v + j = 0, -p = 4*v - 1812. List the prime factors of p.
2, 7
Suppose 2*w - 3*w + 191 = 0. Let u = -9 + w. Let l = u + -25. What are the prime factors of l?
157
Let b(y) = 6*y**2 + 460*y + 31. What are the prime factors of b(11)?
3, 7, 277
Let w be 6 + 10*56 + 1. Let o = -340 + w. List the prime factors of o.
227
Suppose v = -4*z + 37933 + 30151, 0 = -v - 4. What are the prime factors of z?
2, 3, 2837
Let v = -139 + 148. Let x(s) = s**2 - 11*s + 34. What are the prime factors of x(v)?
2
Let r be -40*5/30*168/10. What are the prime factors of ((-2400)/21)/(32/r)?
2, 5
Let t(j) be the third derivative of -j**4/2 - 31*j**3/2 - 6*j**2. Let q(a) = 11*a - 105. Let h be q(7). List the prime factors of t(h).
3
Let r(m) = -8*m**3 + 5*m + 7. Suppose -7*s = -2*s + 3*o, s + 28 = 5*o. List the prime factors of r(s).
2, 13
Suppose 0 = -20*v + 21*v. Suppose 2*b + v*z - 2*z = 2, -2*z + 2 = 0. Suppose 5*u + 0*u + 3*o - 311 = 0, -b*o + 126 = 2*u. List the prime factors of u.
61
Suppose -k - 5*s = -909, -3700 = -5*k + k - 4*s. Suppose 5*f = 5*y + 985, k - 328 = 3*f - 5*y. List the prime factors of f.
2, 3
Let w be (((-6988)/3)/(-1))/((-44)/(-66)). Suppose w + 206 = 10*r. What are the prime factors of r?
2, 5, 37
Let c(v) = -51*v + 14. Let s(h) = -72*h + 15. Let f(j) = 3*c(j) - 2*s(j). Suppose 6*w + 63 = 3*w. What are the prime factors of f(w)?
3, 67
Let w(z) = 3*z**2 - 3*z**2 + 7*z**2 + 16*z + 3 + 23. What are the prime factors of w(-12)?
2, 421
Suppose q - 12748 = -2*t, 0 = 2*t - 8 - 0. List the prime factors of q.
2, 5, 7, 13
Let d be (-5)/(-2)*(-48)/(-40). Let w(s) = 2*s - 10. Let j be w(d). Let k = 48 - j. List the prime factors of k.
2, 13
Let g = 50 - 45. Let c be ((-24)/(-16) - g/2) + -69. List the prime factors of (-1 - 19/2)/(5/c).
3, 7
Let k = 10571 - 2831. What are the prime factors of k?
2, 3, 5, 43
Let h be 2*6/(-9)*18/(-8). Suppose -f - h*f = -1476. Suppose -115 - f = -4*v. What are the prime factors of v?
11
Let f = 8 - 2. Let a be -40 + 39 + (0 - -4) + -1. Suppose 3*u = -4*n + 57, a*n = 5*u + 41 - f. List the prime factors of n.
3, 5
Suppose -101*p - 66*p + 4104693 = 0. What are the prime factors of p?
3, 2731
Let h be (-3 - (-6 + -1))/(50/25). Suppose h*i - 1030 - 1678 = 0. What are the prime factors of i?
2, 677
Let o be -4 + 6 - (-15)/(-3). Let a(r) = r**3 + 4*r**2 - r - 7. Let b be a(o). Suppose -b*i + 8*i = 99. List the prime factors of i.
3, 11
Suppose -4*j - 570 = -2*r, 30 = 2*r + 4*j - 548. Let s(v) = 10*v + 14. Let x be s(-15). Let y = r + x. List the prime factors of y.
151
Let b = 116249 + -61013. What are the prime factors of b?
2, 3, 4603
Suppose 0 = -2*v - 4*g + 71690, 0 = 5*v + 2*g - 168281 - 10904. What are the prime factors of v?
3, 5, 2389
Suppose l + 5*p + 6 + 18 = 0, -l - 2*p = 15. Let m be 1/((-11 - l) + (-10)/(-6)). What are the prime factors of (4 - 243/(-4)) + m/(-12)?
5, 13
Let a(v) = -4*v**3 - 2*v**2 - 3*v + 13. Let o(y) = y**2 - y + 1. Suppose 58*m = 60*m + 2. Let i(g) = m*o(g) - a(g). What are the prime factors of i(3)?
5, 23
Suppose n + 3*x - 106 = 0, 2*x - x + 247 = 2*n. Suppose -10*q + 21*q - 22 = 0. Suppose -q*t = f - n, -f - f = -4*t - 226. What are the prime factors of f?
3, 13
Let r = -12 - -15. Let c(z) = 57*z**2 + 4*z - 2. Let s be c(1). Let h = s - r. List the prime factors of h.
2, 7
Suppose 5*f = 1979 - 469. List the prime factors of (-2 - -1)*f*(-7)/14.
151
Suppose -24*j - 37006 = -171166. List the prime factors of j.
2, 5, 13, 43
Let p(b) = -3*b**2 - 14*b - 4. Let h be p(-5). What are the prime factors of ((-45)/(-2))/h*810/(-25)?
3
Let d(g) = 25*g + 65. Suppose 0 = 2*a - 5*i + 25, a + 0*i + 5*i = 25. What are the prime factors of d(a)?
5, 13
Let i be 141/11 - 0 - 146/(-803). Suppose 44310 = -i*o + 43*o. What are the prime factors of o?
7, 211
What are the prime factors of ((-83264)/(-6))/(-4)*2445/(-326)?
2, 5, 1301
Suppose 96 = -34*g - 40. Let o(n) = -n**3 - n**2 - 9*n - 7. What are the prime factors of o(g)?
7, 11
Let g(v) = 4*v**2 + 11*v + 10. Let f be g(21). Let s = -1429 + f. List the prime factors of s.
2, 3
Let j = -9 - -13. Let y(d) = -2*d**3 + 8*d**2 - 5*d + 2. Let m be y(j). What are the prime factors of (m/(-10))/(6/90)?
3
Suppose -5*v + 190 = -5*g, 3*g + v = 7*g + 161. Let k be 6/9*(0 + 66). Let z = g + k. What are the prime factors of z?
3
Let u(i) = i**3 + i**2 + 1. Let n(s) = -9*s**3 - 5*s**2 + 3*s - 9. Suppose 0 = 13*p - 1 + 14. Let v(w) = p*n(w) - 6*u(w). What are the prime factors of v(4)?
167
Let w be 3 - (-10)/((-10)/(-9)). Suppose w*h - 3803 - 973 = 0. List the prime factors of h.
2, 199
Suppose -63*k - 5*r + 3619 = -62*k, 14499 = 4*k - 3*r. List the prime factors of k.
2, 3, 151
Let y(m) = 45*m**3 - 62*m**2 + 12*m + 3. List the prime factors of y(5).
2, 2069
Let p = -21772 + 29766. List the prime factors of p.
2, 7, 571
Let i be (18/21)/((-3)/(-21)). Let v(r) = 6*r**2 + 7*r + 11. What are the prime factors of v(i)?
269
Let r(g) = 681*g + 2. Let j be (-1)/(16/128*2*-2). What are the prime factors of r(j)?
2, 11, 31
Let d(f) = -4*f**3 + 26*f - 14. Let j(s) = s**3 - 9*s + 5. Let h(k) = -3*d(k) - 8*j(k). Let b be h(4). Let w = b - 108. What are the prime factors of w?
2, 3, 7
Let t be (-474)/42 - 4/(-14). Suppose 74*y + 3743 = 265. What are the prime factors of 2/((t/(-44))/(y/(-8)))?
47
Suppose -1037 - 4948 = -3*i. What are the prime factors of i?
3, 5, 7, 19
Let d be (-4 - -4 - -63) + -3. Let s be (3 - 0/2)*d/(-18). List the prime factors of (-165)/s*(-2 - -4).
3, 11
Suppose 0 = -5*q - 5*c - 6150, -2*q - 6*c = -c + 2451. Let x be -3 - (-22)/8 - q/(-12). Let n = x - -174. What are the prime factors of n?
71
Let n = 18172 + -9976. What are the prime factors of n?
2, 3, 683
Let q(z) = -81*z - 349. What are the prime factors of q(-15)?
2, 433
Let r(c) = 9*c**2 + 114*c - 2981. What are the prime factors of r(44)?
11, 29, 61
Suppose 3 = -6*a + 39. List the prime factors of (-5540)/(-14) - a/(-21).
2, 3, 11
Suppose -6*m - 95 + 1493 = 0. Let u = 668 - m. What are the prime factors of u?
3, 5, 29
Let s(q) = -170*q - 4698. List the prime factors of s(-42).
2, 3, 11, 37
Suppose -13*u = -18*u + 60. Suppose 3*w = 4*w - z - 35, -u = -3*z. What are the prime factors of w?
3, 13
Let o = 390 + -54. Suppose 3*z - 2*b = -5*b - 540, 4*b - o = 2*z. Let m = z + 355. List the prime factors of m.
179
Let q = -20703 - -25536. List the prime factors of q.
3, 179
Let v be (2 + -1)*(-7 + 6). Let z be v + 1 - (-80)/8. Suppose x - z = 32. What are the prime factors of x?
2, 3, 7
Let v(g) be the third derivative of -g**6/60 + 19*g**5/60 - 5*g**4/12 + g**3/6 + 5*g**2. Let a be v(9). What are the prime factors of ((-4)/a - -1)*2 - -191?
2, 97
Suppose 9*l = 424604 - 150878. What are the prime factors of l?
2, 3, 37, 137
Let g(i) be the second derivative of i**4/12 + i**3 - 11*i**2 - i. Let n be g(-9). Suppose u - 6*r = -5*r + 4, 2*r - 55 = -n*u. What are the prime factors of u?
3
Suppose -20*z = -739125 + 230505. What are the prime factors of z?
3, 7, 173
Let q(g) = 226*g**2 - 64*g - 306. List the prime factors of q(-6).
2, 3, 37
Let k(z) = -9*z**3 + 15*z**2 + 18*z + 5. Let a be k(-4). Let l = -397 + a. What are the prime factors of l?
2, 11
Let f = 1 + -1. Suppose -3*p + 35 + 31 = f. Suppose -3*n = -p - 29. List the prime factors of n.
17
Suppose 3377 = -26*m + 28*m - 3*k, 0 = 2*m + 5*k - 3369. List the prime factors of m.
7, 241
Let s(y) = -7*y - 40. Let l be s(-8). Suppose -5*m = -4*g + l, -5*m + m = g + 17. What are the prime factors of (-55 - -59) + g + 162 + 0?
3, 5, 11
Let g be -8*7/(-28)*(-1 - -2). What are the prime factors of 10/(-65) + (34128/52)/g?
2, 41
Let v be (-1)/(4/(-10))*48/(-40). List the prime factors of 1448/4 + 4 - v.
3, 41
Suppose g + 3*r - 8*r = 1595, 5*r = -4*g + 6430. Suppose -2*c - 3*z + g = 0, 6*c = 9*c - 5*z - 2360. List the prime factors of c.
3, 5, 53
Let t = -176 + 59. Let k = -98 - t. Suppose -122 - 4248 = -k*w. List the prime factors of w.
2, 5, 23
Let s = -92 + 207. Suppose 113*z = s*z - 896. What are the prime factors of z?
2, 7
Let a = -63 - -66. Let k(d) = -d**2 + 4*d + 5. Let f be k(a). Suppose -f*b = -0*b - 888. What are the prime factors of b?
3, 37
Let a(o